 is divided by 24.
23
Suppose -2*q = -0*q. Suppose q = -4*t + 27 + 5. What is the remainder when 14 is divided by t?
6
Let o = -27 + 40. Calculate the remainder when 22 is divided by o.
9
Let d(a) = a**3 + 7*a**2 - 11*a - 9. Let h be ((-15)/(-6))/((-2)/(-4)). Let s be 6/h*(-40)/6. What is the remainder when 29 is divided by d(s)?
14
Let n = 87 + -65. Let r(q) = -9*q**3 - 2*q**2. Calculate the remainder when r(-2) is divided by n.
20
Suppose 32 = -f - 9. Let r = -29 - f. What is the remainder when 9 is divided by (10/6)/(4/r)?
4
Suppose -2*n + 7*n = 15. Suppose 0 = -n*d + 7*d - 12. What is the remainder when 4 is divided by d?
1
Let o(m) = m**3 + m**2 - 1. What is the remainder when o(3) is divided by 19?
16
Suppose 8 = 3*v - 25. Suppose -v = 2*b + 1. What is the remainder when (-38)/(-3*b/(-9)) is divided by 11?
8
Let y(c) = -2*c**2 + 17*c - 26. Calculate the remainder when 6 is divided by y(6).
2
Let b = 56 + -24. Suppose -4*q = 4*o - 8*q - 40, -3*o + b = -4*q. Calculate the remainder when o is divided by (-1 - 4)/(-1) + 0.
3
Let s(a) = -a**2 + 7*a + 12. Let m(v) = -2*v**2 + 22*v + 35. Let q(d) = 3*m(d) - 8*s(d). Calculate the remainder when q(-7) is divided by 13.
11
Let m be (52/3)/(6/9). Let b be ((-18)/(-4))/((-2)/(-12)). Let d = m + b. Calculate the remainder when d is divided by 18.
17
Suppose -j = 3*f + 4*j - 36, -2*f = 3*j - 24. Suppose 5*a + 3*n = 162, -3 = 3*n - 0*n. Calculate the remainder when a is divided by f.
9
Suppose -2*a + 4*j + 40 = 0, 3*a + j - 3*j - 52 = 0. What is the remainder when 45 is divided by a?
13
Suppose 2*w - 357 - 149 = 0. Let x = -142 + w. Suppose -h + x = 2*h. What is the remainder when h is divided by 13?
11
Let j = 16 - 9. Suppose -12 = -5*w + 4*m, 0*m - 2*m = -4*w + 6. Suppose w = -0*d - 2*d + 4. What is the remainder when j is divided by d?
1
Let b = 4 - 4. Suppose -z - 2*z + 15 = b. Calculate the remainder when 14 is divided by z.
4
Let b(j) = j**3 + 5*j**2 - 5*j + 5. Let z be b(-6). Let l(r) = -10*r + 1. Calculate the remainder when (0 - (-31)/3)*3 is divided by l(z).
9
Suppose -2*y + 112 = -4*r, -y - 2*r = -0*r - 68. Calculate the remainder when y is divided by 16.
14
What is the remainder when (-5)/(15/(-9))*8 is divided by 14?
10
Let h(o) = -o**3 - 8*o**2 - 9*o + 1. Calculate the remainder when h(-8) is divided by 25.
23
Let v = 3 - 3. Suppose 4*g + 20 = v, 3*j - 9 - 17 = -2*g. Calculate the remainder when (1/(-2) + 1)*70 is divided by j.
11
Let q = 75 + -52. What is the remainder when 43 is divided by q?
20
Let n(d) = 2*d**2 - 4*d - 2. Suppose 0 = a - 2*a + 4. Let x = 12 + 15. What is the remainder when x is divided by n(a)?
13
Suppose 0 = 2*q - 9*q + 763. Calculate the remainder when q is divided by 37.
35
What is the remainder when 21 is divided by (-4)/(-6) - (-3)/9*34?
9
Suppose 0*z - 2*z = 14. Let o = -5 - z. Suppose p - o*p = -35. Calculate the remainder when p is divided by 18.
17
Let o(r) = r**2 - 7*r + 5. Calculate the remainder when o(10) is divided by 10.
5
Let v = 7 + -8. Suppose -4*n + 161 = 61. What is the remainder when n is divided by (v - -3) + (-14)/(-2)?
7
Let s(c) = 5*c - 2*c + 0*c + 6*c**2 - 2 + c**3. Let k be s(-5). Suppose -k = d - 21. What is the remainder when 38 is divided by d?
12
Let d(x) = -10*x**3 + 2*x**2 + 2*x + 1. Let k = 1 + -2. Calculate the remainder when 31 is divided by d(k).
9
Suppose -226 - 13 = -2*r + 5*c, -2*r + 251 = -c. What is the remainder when r is divided by 13?
10
Let a be 14/4 + 7/(-14). Suppose 5*q + 48 = 3*n, 80 = -n + 6*n - a*q. Calculate the remainder when 29 is divided by n.
13
Calculate the remainder when 22 is divided by (-107)/(-9) - 3/(-27).
10
Let d = 1 - 1. Let x(q) = q**3 + q**2 - q + 20. Calculate the remainder when x(d) is divided by 11.
9
Suppose -2*x - 27 = -5*x. Calculate the remainder when 35 is divided by x.
8
Let w be 236/20 - (-2)/10. Suppose -z - 3*z + w = 0. Calculate the remainder when 9 is divided by z.
0
Suppose -3*x + 29 = -a - 50, 44 = 2*x - 5*a. What is the remainder when 37 is divided by x?
10
Let z = 19 + -18. Calculate the remainder when z is divided by 1.
0
Let s(q) = 8*q - 11. What is the remainder when s(13) is divided by 48?
45
Let t(j) = j**3 + 3*j**2 - 2*j - 3. Let g be t(-2). Let i(d) = d + 6. Calculate the remainder when i(g) is divided by 2.
1
Suppose -3*k + 73 + 41 = 0. Let p = 2 - 1. What is the remainder when k is divided by (26/6)/(p/3)?
12
Let k = 7 - 5. Suppose -w - 4*q = 1, -k - 1 = -w - 3*q. Let u = -36 + 44. Calculate the remainder when w is divided by u.
7
Let r be 2/(-1)*(-30)/12. Suppose -x + 2*p = -4 - 49, -5*x + r*p = -245. Calculate the remainder when x is divided by 12.
9
Let v(d) = -d + 12. Suppose 6 + 0 = 3*s. What is the remainder when s is divided by v(10)?
0
Suppose 4*k = -0*k + 380. Suppose -5*c = -155 - k. What is the remainder when c is divided by 17?
16
Suppose 22*c - 21*c - 21 = 0. Calculate the remainder when c is divided by 6.
3
Calculate the remainder when 14 is divided by -1*14/5*(-5)/1.
0
Suppose -39 = -q - 10. Calculate the remainder when q is divided by 6.
5
Let t(b) = -7 - 8*b + 11*b + b**3 - 5*b**2 + 1 + 4*b. Calculate the remainder when t(5) is divided by 16.
13
Let z be 2 + -3 - (-7 + 2). Let r be 82*(-2)/(-4 - 0). Let g = r - z. Calculate the remainder when g is divided by 13.
11
Let g(u) be the first derivative of -u**4/4 + u - 1. Suppose 0*j - 5 = -j. What is the remainder when j is divided by g(-1)?
1
Let i = -161 + 180. What is the remainder when 92 is divided by i?
16
Let q(f) = 4*f + 4. Let l(r) = -r + 1. Let h(s) = 5*l(s) + q(s). Suppose -28 = -0*g - 4*g. What is the remainder when h(g) is divided by 1?
0
Suppose 0 = -2*o + i + 232, 2*o + o + 3*i - 348 = 0. Suppose -5*g = o - 21. Let m = g + 33. What is the remainder when 26 is divided by m?
12
Let v = -1 + 6. Calculate the remainder when 14 is divided by v.
4
Let l(t) = -7*t + 1. Let w be l(-1). Suppose -u - u + 18 = 5*p, 4*p - w = 0. Let d = u - -2. What is the remainder when 22 is divided by d?
4
Suppose -p = 4*p - 50. What is the remainder when 38 is divided by p?
8
Suppose 0 = 4*q - 3*i - 32, -2*q - 3*i + 40 = 3*q. Suppose -3*u = -p - q*u - 1, 0 = 2*p + u - 7. Calculate the remainder when 5 is divided by p.
1
Let h be (-16)/(-56) - (-19)/7. Suppose 0 = -3*d + 3, -24 - 27 = -4*o - h*d. What is the remainder when 33 is divided by o?
9
Suppose -5*x + 29 = -7*t + 3*t, -3*t - 15 = -3*x. What is the remainder when 52 is divided by x?
7
Let j(y) = -y**2 - 14*y - 6. Let m be j(-12). Suppose 0 = 5*v - 7 - m. What is the remainder when 19 is divided by v?
4
Let y(g) = 0 + g**3 + 0*g + 5 - 5*g - 4*g**2. Let h be y(5). Suppose h*f - 5 = -q, -q - 4*q - 33 = -4*f. Calculate the remainder when 2 is divided by f.
0
Suppose -2*k + 0*p - p + 6 = 0, -3*p = -3*k. Suppose -x + 51 = 2*f, 0*f + k*x = f - 23. Suppose 5*b = 71 - 6. What is the remainder when f is divided by b?
12
Let o = 5 - 2. Suppose o*f + 0 - 6 = 0. Suppose -f*x + 30 = -20. What is the remainder when x is divided by 9?
7
Let j = -11 + 18. What is the remainder when j is divided by 0 + 4 - (-17 + 16)?
2
Suppose -30 = -3*j - 2*j. Suppose 6 = 2*r - 5*h, 4*r - 2*h - 18 = -j. Suppose -5*k - 5 = -45. Calculate the remainder when k is divided by r.
2
Suppose -32 = -2*v - 4*j, -2*v + j + 91 = 2*v. Calculate the remainder when 63 is divided by v.
19
Suppose r = 4*r + 18. Let v = r - -11. Suppose -v*j = -4*j - 41. What is the remainder when j is divided by 14?
13
Suppose 10 + 2 = 3*k - w, w = 5*k - 22. Suppose 0*f = -4*f - 2*s + 122, 0 = -f - s + 29. Suppose -4*h = -f - 4. What is the remainder when h is divided by k?
4
Let l(d) = -d**2 + 7*d + 3. Calculate the remainder when 58 is divided by l(6).
4
Let y(r) = -6*r - 3. Let t(f) = 7*f + 4. Let d(w) = 3*t(w) + 2*y(w). Let h be d(-7). Let i = -35 - h. What is the remainder when 43 is divided by i?
21
Let w = 0 + 5. Suppose 0 = w*n + 1 - 16. Calculate the remainder when 8 is divided by n.
2
Suppose -4*h = h + 20. Let i = 4 + h. Suppose -60 = -4*w - i*w. What is the remainder when w is divided by 8?
7
Suppose -4*k = -0*k + t - 437, 3*k + 5*t - 332 = 0. What is the remainder when k is divided by 55?
54
Let c = -51 + 62. Calculate the remainder when 53 is divided by c.
9
Let s = -46 + 79. What is the remainder when s is divi